{"id":720,"date":"2020-08-12T13:15:35","date_gmt":"2020-08-12T11:15:35","guid":{"rendered":"http:\/\/www.joachim-richau.de\/info\/?page_id=720"},"modified":"2025-11-14T12:40:52","modified_gmt":"2025-11-14T11:40:52","slug":"720-2","status":"publish","type":"page","link":"https:\/\/www.joachim-richau.de\/info\/","title":{"rendered":""},"content":{"rendered":"<h3><strong>Das Weite suchen<\/strong><\/h3>\n<p><strong>Fotografien der sp\u00e4ten DDR und fr\u00fchen 1990er Jahre<\/strong><\/p>\n<p><a href=\"http:\/\/www.joachim-richau.de\/info\/wp-content\/uploads\/2025\/11\/2-L22-T1-1984.jpg\"><img loading=\"lazy\" decoding=\"async\" class=\"alignnone size-full wp-image-931\" src=\"http:\/\/www.joachim-richau.de\/info\/wp-content\/uploads\/2025\/11\/2-L22-T1-1984.jpg\" alt=\"\" width=\"640\" height=\"440\" srcset=\"https:\/\/www.joachim-richau.de\/info\/wp-content\/uploads\/2025\/11\/2-L22-T1-1984.jpg 640w, https:\/\/www.joachim-richau.de\/info\/wp-content\/uploads\/2025\/11\/2-L22-T1-1984-300x206.jpg 300w\" sizes=\"auto, (max-width: 640px) 100vw, 640px\" \/><\/a><br \/>\naus: Bilder aus Beerfelde | 1984\u20131987 | \u00a9 Joachim Richau<\/p>\n<h3><strong>Ausstellung 28.11.2025 bis 22.03.2026<\/strong><\/h3>\n<p><strong>Er\u00f6ffnung <span style=\"color: #ff0000;\">27.11.2025 um 19 Uhr<\/span> (Einlass ab 18 Uhr)<\/strong><\/p>\n<p>Anette Hauschild<br \/>\nChristiane Eisler<br \/>\nMerit Schambach<br \/>\nUte Mahler<br \/>\nLudwig Rauch<br \/>\nBarbara Wolff<br \/>\nChristian Fenger<br \/>\nTina Bara<br \/>\nAnselm Graubner<br \/>\nPeter Oehlmann<br \/>\nJ\u00fcrgen Matschie<br \/>\nJoachim Richau<\/p>\n<p>Die Ausstellung \u201eDas Weite suchen\u201c l\u00e4dt zu einer neuen Auseinandersetzung mit dem Jahrzehnt der Transformation in Ostdeutschland ein \u2013 von der sp\u00e4ten DDR bis in die Mitte der 1990er Jahre. Gezeigt werden Fotografien, die individuelle Perspektiven auf Alltag, Protest und Wandel er\u00f6ffnen. Die ausgew\u00e4hlten Arbeiten werfen einen intimen, kritischen oder irritierenden Blick auf ein Jahrzehnt, das bis heute nachwirkt.<\/p>\n<p>Eine Ausstellung vom Leibniz-Zentrum f\u00fcr Zeithistorische Forschung Potsdam (ZZF) in Kooperation mit dem Brandenburg Museum f\u00fcr Zukunft, Gegenwart und Geschichte, gef\u00f6rdert durch die Ostdeutsche Sparkassenstiftung.<br \/>\nKuratiert von Dr. Isabel Enzenbach und Dr. Anja Tack<\/p>\n<p><strong><a href=\"https:\/\/gesellschaft-kultur-geschichte.de\/brandenburg-museum\/das-weite-suchen-ein-jahrzehnt-ostdeutschland-in-fotografien-1985-1995\/\" target=\"_blank\" rel=\"noopener\"><span style=\"color: #808080;\">Brandenburg Museum f\u00fcr Zukunft, Gegenwart und Geschichte<\/span><\/a><\/strong><br \/>\nAm Neuen Markt 9<br \/>\n14467 Potsdam<\/p>\n<hr \/>\n<h3><strong>VOM TEILEN. Kunst an der (polnisch-deutschen) Grenze<\/strong><\/h3>\n<p><a href=\"https:\/\/mnp.art.pl\/event\/o-dzieleniu\" target=\"_blank\" rel=\"noopener\"><span style=\"color: #333333;\"><span style=\"color: #999999;\"><strong>Nationalmuseum Poznan &#8211; Muzeum Narodowe w Poznaniu<\/strong><\/span><\/span><\/a><\/p>\n<p>20. September &#8211; 17. Dezember 2023<\/p>\n<p><a href=\"http:\/\/www.joachim-richau.de\/info\/wp-content\/uploads\/2023\/11\/Ausstellung-2023-1.jpg\" target=\"_blank\" rel=\"noopener\"><img loading=\"lazy\" decoding=\"async\" class=\"alignleft wp-image-910 size-large\" src=\"http:\/\/www.joachim-richau.de\/info\/wp-content\/uploads\/2023\/11\/Ausstellung-2023-1-576x1024.jpg\" alt=\"\" width=\"576\" height=\"1024\" \/><\/a><\/p>\n","protected":false},"excerpt":{"rendered":"<p>Das Weite suchen Fotografien der sp\u00e4ten DDR und fr\u00fchen 1990er Jahre aus: Bilder aus Beerfelde | 1984\u20131987 | \u00a9 Joachim Richau Ausstellung 28.11.2025 bis 22.03.2026 Er\u00f6ffnung 27.11.2025 um 19 Uhr (Einlass ab 18 Uhr) Anette Hauschild Christiane Eisler Merit Schambach Ute Mahler Ludwig Rauch Barbara Wolff Christian Fenger Tina Bara Anselm Graubner Peter Oehlmann J\u00fcrgen &#8230; <span class=\"more\"><a class=\"more-link\" href=\"https:\/\/www.joachim-richau.de\/info\/\">[Read more&#8230;]<\/a><\/span><\/p>\n","protected":false},"author":1,"featured_media":0,"parent":0,"menu_order":0,"comment_status":"closed","ping_status":"closed","template":"","meta":{"_acf_changed":false,"footnotes":""},"class_list":["entry","page","publish","author-sop","post-720"],"acf":[],"_links":{"self":[{"href":"https:\/\/www.joachim-richau.de\/info\/wp-json\/wp\/v2\/pages\/720","targetHints":{"allow":["GET"]}}],"collection":[{"href":"https:\/\/www.joachim-richau.de\/info\/wp-json\/wp\/v2\/pages"}],"about":[{"href":"https:\/\/www.joachim-richau.de\/info\/wp-json\/wp\/v2\/types\/page"}],"author":[{"embeddable":true,"href":"https:\/\/www.joachim-richau.de\/info\/wp-json\/wp\/v2\/users\/1"}],"replies":[{"embeddable":true,"href":"https:\/\/www.joachim-richau.de\/info\/wp-json\/wp\/v2\/comments?post=720"}],"version-history":[{"count":23,"href":"https:\/\/www.joachim-richau.de\/info\/wp-json\/wp\/v2\/pages\/720\/revisions"}],"predecessor-version":[{"id":930,"href":"https:\/\/www.joachim-richau.de\/info\/wp-json\/wp\/v2\/pages\/720\/revisions\/930"}],"wp:attachment":[{"href":"https:\/\/www.joachim-richau.de\/info\/wp-json\/wp\/v2\/media?parent=720"}],"curies":[{"name":"wp","href":"https:\/\/api.w.org\/{rel}","templated":true}]}}

<h3><strong>Das Weite suchen</strong></h3>
<p><strong>Fotografien der späten DDR und frühen 1990er Jahre</strong></p>
<p><a href="http://www.joachim-richau.de/info/wp-content/uploads/2025/11/2-L22-T1-1984.jpg"><img loading="lazy" decoding="async" class="alignnone size-full wp-image-931" src="http://www.joachim-richau.de/info/wp-content/uploads/2025/11/2-L22-T1-1984.jpg" alt="" width="640" height="440" srcset="https://www.joachim-richau.de/info/wp-content/uploads/2025/11/2-L22-T1-1984.jpg 640w, https://www.joachim-richau.de/info/wp-content/uploads/2025/11/2-L22-T1-1984-300x206.jpg 300w" sizes="auto, (max-width: 640px) 100vw, 640px" /></a><br />
aus: Bilder aus Beerfelde | 1984–1987 | © Joachim Richau</p>
<h3><strong>Ausstellung 28.11.2025 bis 22.03.2026</strong></h3>
<p><strong>Eröffnung <span style="color: #ff0000;">27.11.2025 um 19 Uhr</span> (Einlass ab 18 Uhr)</strong></p>
<p>Anette Hauschild<br />
Christiane Eisler<br />
Merit Schambach<br />
Ute Mahler<br />
Ludwig Rauch<br />
Barbara Wolff<br />
Christian Fenger<br />
Tina Bara<br />
Anselm Graubner<br />
Peter Oehlmann<br />
Jürgen Matschie<br />
Joachim Richau</p>
<p>Die Ausstellung „Das Weite suchen“ lädt zu einer neuen Auseinandersetzung mit dem Jahrzehnt der Transformation in Ostdeutschland ein – von der späten DDR bis in die Mitte der 1990er Jahre. Gezeigt werden Fotografien, die individuelle Perspektiven auf Alltag, Protest und Wandel eröffnen. Die ausgewählten Arbeiten werfen einen intimen, kritischen oder irritierenden Blick auf ein Jahrzehnt, das bis heute nachwirkt.</p>
<p>Eine Ausstellung vom Leibniz-Zentrum für Zeithistorische Forschung Potsdam (ZZF) in Kooperation mit dem Brandenburg Museum für Zukunft, Gegenwart und Geschichte, gefördert durch die Ostdeutsche Sparkassenstiftung.<br />
Kuratiert von Dr. Isabel Enzenbach und Dr. Anja Tack</p>
<p><strong><a href="https://gesellschaft-kultur-geschichte.de/brandenburg-museum/das-weite-suchen-ein-jahrzehnt-ostdeutschland-in-fotografien-1985-1995/" target="_blank" rel="noopener"><span style="color: #808080;">Brandenburg Museum für Zukunft, Gegenwart und Geschichte</span></a></strong><br />
Am Neuen Markt 9<br />
14467 Potsdam</p>
<hr />
<h3><strong>VOM TEILEN. Kunst an der (polnisch-deutschen) Grenze</strong></h3>
<p><a href="https://mnp.art.pl/event/o-dzieleniu" target="_blank" rel="noopener"><span style="color: #333333;"><span style="color: #999999;"><strong>Nationalmuseum Poznan &#8211; Muzeum Narodowe w Poznaniu</strong></span></span></a></p>
<p>20. September &#8211; 17. Dezember 2023</p>
<p><a href="http://www.joachim-richau.de/info/wp-content/uploads/2023/11/Ausstellung-2023-1.jpg" target="_blank" rel="noopener"><img loading="lazy" decoding="async" class="alignleft wp-image-910 size-large" src="http://www.joachim-richau.de/info/wp-content/uploads/2023/11/Ausstellung-2023-1-576x1024.jpg" alt="" width="576" height="1024" /></a></p>

<p>Das Weite suchen Fotografien der späten DDR und frühen 1990er Jahre aus: Bilder aus Beerfelde | 1984–1987 | © Joachim Richau Ausstellung 28.11.2025 bis 22.03.2026 Eröffnung 27.11.2025 um 19 Uhr (Einlass ab 18 Uhr) Anette Hauschild Christiane Eisler Merit Schambach Ute Mahler Ludwig Rauch Barbara Wolff Christian Fenger Tina Bara Anselm Graubner Peter Oehlmann Jürgen &#8230; <span class="more"><a class="more-link" href="https://www.joachim-richau.de/info/">[Read more&#8230;]</a></span></p>
