{"id":429,"date":"2017-09-29T12:23:51","date_gmt":"2017-09-29T10:23:51","guid":{"rendered":"http:\/\/www.joachim-richau.de\/info\/?page_id=429"},"modified":"2017-09-29T12:23:51","modified_gmt":"2017-09-29T10:23:51","slug":"stadtgalerie-kiel","status":"publish","type":"page","link":"http:\/\/www.joachim-richau.de\/info\/stadtgalerie-kiel\/","title":{"rendered":"Stadtgalerie Kiel"},"content":{"rendered":"<hr \/>\n<p><a href=\"http:\/\/www.joachim-richau.de\/info\/wp-content\/uploads\/2017\/05\/Richau_Plakat_frei.pdf\" target=\"_blank\" rel=\"noopener\"><img loading=\"lazy\" decoding=\"async\" class=\"alignnone size-full wp-image-336\" src=\"http:\/\/www.joachim-richau.de\/info\/wp-content\/uploads\/2017\/07\/Plakat_Werkwandel.jpg\" alt=\"\" width=\"280\" height=\"396\" srcset=\"http:\/\/www.joachim-richau.de\/info\/wp-content\/uploads\/2017\/07\/Plakat_Werkwandel.jpg 280w, http:\/\/www.joachim-richau.de\/info\/wp-content\/uploads\/2017\/07\/Plakat_Werkwandel-212x300.jpg 212w\" sizes=\"auto, (max-width: 280px) 100vw, 280px\" \/><\/a><\/p>\n<p><a href=\"http:\/\/www.joachim-richau.de\/info\/wp-content\/uploads\/2017\/05\/Richau_Plakat_frei.pdf\" target=\"_blank\" rel=\"noopener noreferrer\"><strong>Download Plakat<\/strong><\/a><\/p>\n<hr \/>\n<p><strong>Artikel der Kieler Nachrichten \u00fcber die Ausstellung in der Kieler Stadtgalerie<\/strong><br \/>\nvon Maren Kruse<\/p>\n<p><a href=\"http:\/\/www.joachim-richau.de\/info\/wp-content\/uploads\/2017\/07\/KN-Maren-Kruse.pdf\" target=\"_blank\" rel=\"noopener\"><img loading=\"lazy\" decoding=\"async\" class=\"alignnone size-full wp-image-246\" src=\"http:\/\/www.joachim-richau.de\/info\/wp-content\/uploads\/2017\/07\/KN-Maren-Kruse.jpg\" alt=\"\" width=\"424\" height=\"600\" srcset=\"http:\/\/www.joachim-richau.de\/info\/wp-content\/uploads\/2017\/07\/KN-Maren-Kruse.jpg 424w, http:\/\/www.joachim-richau.de\/info\/wp-content\/uploads\/2017\/07\/KN-Maren-Kruse-212x300.jpg 212w\" sizes=\"auto, (max-width: 424px) 100vw, 424px\" \/><\/a><br \/>\n<a href=\"http:\/\/www.joachim-richau.de\/info\/wp-content\/uploads\/2017\/07\/KN-Maren-Kruse.pdf\" target=\"_blank\" rel=\"noopener\">Download als PDF<\/a><\/p>\n<hr \/>\n<p>&nbsp;<\/p>\n<p class=\"title\"><strong><a href=\"http:\/\/www.hansen-munk.de\/2017\/06\/09\/vom-abbild-zum-bild\/\" target=\"_blank\" rel=\"noopener\">Vom Abbild zum Bild<\/a><br \/>\n<\/strong><\/p>\n<p><a href=\"https:\/\/www.hansen-munk.de\/2017\/06\/09\/vom-abbild-zum-bild\/\" target=\"_blank\" rel=\"noopener\"><img loading=\"lazy\" decoding=\"async\" class=\"alignnone size-full wp-image-295\" src=\"http:\/\/www.joachim-richau.de\/info\/wp-content\/uploads\/2017\/01\/Hansen_Munk_Kiel.jpg\" alt=\"\" width=\"600\" height=\"380\" srcset=\"http:\/\/www.joachim-richau.de\/info\/wp-content\/uploads\/2017\/01\/Hansen_Munk_Kiel.jpg 600w, http:\/\/www.joachim-richau.de\/info\/wp-content\/uploads\/2017\/01\/Hansen_Munk_Kiel-300x190.jpg 300w\" sizes=\"auto, (max-width: 600px) 100vw, 600px\" \/><\/a><br \/>\nBlogbeitrag \u00fcber die Ausstellung in der Kieler Stadtgalerie<\/p>\n<p><a href=\"http:\/\/www.hansen-munk.de\/2017\/06\/09\/vom-abbild-zum-bild\/\" target=\"_blank\" rel=\"noopener\">auf hansen &amp; munk &#8211; der kultur.blog f\u00fcr kiel und mehr<\/a><\/p>\n<p><em>Von Hannes Hansen<\/em><\/p>\n","protected":false},"excerpt":{"rendered":"<p>Download Plakat Artikel der Kieler Nachrichten \u00fcber die Ausstellung in der Kieler Stadtgalerie von Maren Kruse Download als PDF &nbsp; Vom Abbild zum Bild Blogbeitrag \u00fcber die Ausstellung in der Kieler Stadtgalerie auf hansen &amp; munk &#8211; der kultur.blog f\u00fcr kiel und mehr Von Hannes Hansen<\/p>\n","protected":false},"author":1,"featured_media":0,"parent":0,"menu_order":0,"comment_status":"closed","ping_status":"closed","template":"","meta":{"_acf_changed":false,"footnotes":""},"class_list":["entry","page","publish","author-sop","post-429"],"acf":[],"_links":{"self":[{"href":"http:\/\/www.joachim-richau.de\/info\/wp-json\/wp\/v2\/pages\/429","targetHints":{"allow":["GET"]}}],"collection":[{"href":"http:\/\/www.joachim-richau.de\/info\/wp-json\/wp\/v2\/pages"}],"about":[{"href":"http:\/\/www.joachim-richau.de\/info\/wp-json\/wp\/v2\/types\/page"}],"author":[{"embeddable":true,"href":"http:\/\/www.joachim-richau.de\/info\/wp-json\/wp\/v2\/users\/1"}],"replies":[{"embeddable":true,"href":"http:\/\/www.joachim-richau.de\/info\/wp-json\/wp\/v2\/comments?post=429"}],"version-history":[{"count":5,"href":"http:\/\/www.joachim-richau.de\/info\/wp-json\/wp\/v2\/pages\/429\/revisions"}],"predecessor-version":[{"id":443,"href":"http:\/\/www.joachim-richau.de\/info\/wp-json\/wp\/v2\/pages\/429\/revisions\/443"}],"wp:attachment":[{"href":"http:\/\/www.joachim-richau.de\/info\/wp-json\/wp\/v2\/media?parent=429"}],"curies":[{"name":"wp","href":"https:\/\/api.w.org\/{rel}","templated":true}]}}

<hr />
<p><a href="http://www.joachim-richau.de/info/wp-content/uploads/2017/05/Richau_Plakat_frei.pdf" target="_blank" rel="noopener"><img loading="lazy" decoding="async" class="alignnone size-full wp-image-336" src="http://www.joachim-richau.de/info/wp-content/uploads/2017/07/Plakat_Werkwandel.jpg" alt="" width="280" height="396" srcset="http://www.joachim-richau.de/info/wp-content/uploads/2017/07/Plakat_Werkwandel.jpg 280w, http://www.joachim-richau.de/info/wp-content/uploads/2017/07/Plakat_Werkwandel-212x300.jpg 212w" sizes="auto, (max-width: 280px) 100vw, 280px" /></a></p>
<p><a href="http://www.joachim-richau.de/info/wp-content/uploads/2017/05/Richau_Plakat_frei.pdf" target="_blank" rel="noopener noreferrer"><strong>Download Plakat</strong></a></p>
<hr />
<p><strong>Artikel der Kieler Nachrichten über die Ausstellung in der Kieler Stadtgalerie</strong><br />
von Maren Kruse</p>
<p><a href="http://www.joachim-richau.de/info/wp-content/uploads/2017/07/KN-Maren-Kruse.pdf" target="_blank" rel="noopener"><img loading="lazy" decoding="async" class="alignnone size-full wp-image-246" src="http://www.joachim-richau.de/info/wp-content/uploads/2017/07/KN-Maren-Kruse.jpg" alt="" width="424" height="600" srcset="http://www.joachim-richau.de/info/wp-content/uploads/2017/07/KN-Maren-Kruse.jpg 424w, http://www.joachim-richau.de/info/wp-content/uploads/2017/07/KN-Maren-Kruse-212x300.jpg 212w" sizes="auto, (max-width: 424px) 100vw, 424px" /></a><br />
<a href="http://www.joachim-richau.de/info/wp-content/uploads/2017/07/KN-Maren-Kruse.pdf" target="_blank" rel="noopener">Download als PDF</a></p>
<hr />
<p>&nbsp;</p>
<p class="title"><strong><a href="http://www.hansen-munk.de/2017/06/09/vom-abbild-zum-bild/" target="_blank" rel="noopener">Vom Abbild zum Bild</a><br />
</strong></p>
<p><a href="https://www.hansen-munk.de/2017/06/09/vom-abbild-zum-bild/" target="_blank" rel="noopener"><img loading="lazy" decoding="async" class="alignnone size-full wp-image-295" src="http://www.joachim-richau.de/info/wp-content/uploads/2017/01/Hansen_Munk_Kiel.jpg" alt="" width="600" height="380" srcset="http://www.joachim-richau.de/info/wp-content/uploads/2017/01/Hansen_Munk_Kiel.jpg 600w, http://www.joachim-richau.de/info/wp-content/uploads/2017/01/Hansen_Munk_Kiel-300x190.jpg 300w" sizes="auto, (max-width: 600px) 100vw, 600px" /></a><br />
Blogbeitrag über die Ausstellung in der Kieler Stadtgalerie</p>
<p><a href="http://www.hansen-munk.de/2017/06/09/vom-abbild-zum-bild/" target="_blank" rel="noopener">auf hansen &amp; munk &#8211; der kultur.blog für kiel und mehr</a></p>
<p><em>Von Hannes Hansen</em></p>

<p>Download Plakat Artikel der Kieler Nachrichten über die Ausstellung in der Kieler Stadtgalerie von Maren Kruse Download als PDF &nbsp; Vom Abbild zum Bild Blogbeitrag über die Ausstellung in der Kieler Stadtgalerie auf hansen &amp; munk &#8211; der kultur.blog für kiel und mehr Von Hannes Hansen</p>
